
1
What is the thousands digit of 2059?
2
What is the units digit of 2074?
4
What is the ten thousands digit of 11210?
1
What is the tens digit of 866?
6
What is the ten thousands digit of 26998?
2
What is the hundreds digit of 1436?
4
What is the tens digit of 14294?
9
What is the thousands digit of 7589?
7
What is the tens digit of 965?
6
What is the hundreds digit of 278?
2
What is the tens digit of 796?
9
What is the thousands digit of 29431?
9
What is the ten thousands digit of 51682?
5
What is the hundreds digit of 8366?
3
What is the thousands digit of 35314?
5
What is the thousands digit of 56889?
6
What is the thousands digit of 33466?
3
What is the tens digit of 1936?
3
What is the tens digit of 2579?
7
What is the hundreds digit of 3937?
9
What is the thousands digit of 8389?
8
What is the tens digit of 54436?
3
What is the tens digit of 1984?
8
What is the thousands digit of 13444?
3
What is the hundreds digit of 564?
5
What is the units digit of 2855?
5
What is the units digit of 148986?
6
What is the tens digit of 249?
4
What is the units digit of 2094?
4
What is the hundreds digit of 68840?
8
What is the units digit of 17407?
7
What is the ten thousands digit of 23746?
2
What is the units digit of 3934?
4
What is the hundreds digit of 20846?
8
What is the tens digit of 67062?
6
What is the units digit of 8048?
8
What is the hundreds digit of 3615?
6
What is the tens digit of 21690?
9
What is the hundreds digit of 67074?
0
What is the units digit of 4441?
1
What is the thousands digit of 2819?
2
What is the units digit of 639?
9
What is the tens digit of 6996?
9
What is the tens digit of 23759?
5
What is the hundreds digit of 75405?
4
What is the thousands digit of 2602?
2
What is the hundreds digit of 9783?
7
What is the hundreds digit of 608?
6
What is the units digit of 191903?
3
What is the units digit of 42455?
5
What is the hundreds digit of 477?
4
What is the thousands digit of 37670?
7
What is the tens digit of 894?
9
What is the thousands digit of 1423?
1
What is the tens digit of 551?
5
What is the tens digit of 28314?
1
What is the tens digit of 648?
4
What is the thousands digit of 8397?
8
What is the hundreds digit of 45545?
5
What is the thousands digit of 5135?
5
What is the thousands digit of 80027?
0
What is the units digit of 55?
5
What is the thousands digit of 3923?
3
What is the units digit of 7672?
2
What is the tens digit of 3262?
6
What is the thousands digit of 1163?
1
What is the units digit of 12928?
8
What is the tens digit of 5791?
9
What is the units digit of 135349?
9
What is the units digit of 5038?
8
What is the hundreds digit of 5066?
0
What is the tens digit of 11950?
5
What is the thousands digit of 1729?
1
What is the hundreds digit of 3579?
5
What is the units digit of 1965?
5
What is the tens digit of 5103?
0
What is the units digit of 12701?
1
What is the thousands digit of 7632?
7
What is the tens digit of 42286?
8
What is the units digit of 2155?
5
What is the ten thousands digit of 16560?
1
What is the hundreds digit of 60172?
1
What is the thousands digit of 24059?
4
What is the hundreds digit of 145?
1
What is the hundreds digit of 435?
4
What is the hundreds digit of 5146?
1
What is the hundreds digit of 36291?
2
What is the tens digit of 66?
6
What is the units digit of 864?
4
What is the units digit of 128577?
7
What is the units digit of 20693?
3
What is the units digit of 54160?
0
What is the ten thousands digit of 27745?
2
What is the units digit of 857?
7
What is the tens digit of 19851?
5
What is the tens digit of 737?
3
What is the tens digit of 101443?
4
What is the units digit of 689?
9
What is the tens digit of 207?
0
What is the tens digit of 2608?
0
What is the tens digit of 4935?
3
What is the thousands digit of 2064?
2
What is the hundreds digit of 2427?
4
What is the hundreds digit of 16317?
3
What is the hundreds digit of 23286?
2
What is the tens digit of 1610?
1
What is the tens digit of 10738?
3
What is the tens digit of 151?
5
What is the ten thousands digit of 17827?
1
What is the thousands digit of 98097?
8
What is the ten thousands digit of 14699?
1
What is the hundreds digit of 24619?
6
What is the tens digit of 238?
3
What is the units digit of 2690?
0
What is the hundreds digit of 1756?
7
What is the units digit of 4536?
6
What is the ten thousands digit of 85795?
8
What is the tens digit of 1756?
5
What is the thousands digit of 35328?
5
What is the units digit of 752?
2
What is the units digit of 26360?
0
What is the units digit of 1852?
2
What is the tens digit of 3416?
1
What is the ten thousands digit of 62389?
6
What is the units digit of 24647?
7
What is the tens digit of 945?
4
What is the ten thousands digit of 22247?
2
What is the hundreds digit of 46319?
3
What is the hundreds digit of 869?
8
What is the hundreds digit of 332?
3
What is the tens digit of 9833?
3
What is the hundreds digit of 1835?
8
What is the tens digit of 1043?
4
What is the units digit of 2840?
0
What is the units digit of 3421?
1
What is the ten thousands digit of 13667?
1
What is the hundreds digit of 120335?
3
What is the units digit of 1582?
2
What is the hundreds digit of 7968?
9
What is the units digit of 10781?
1
What is the hundreds digit of 2547?
5
What is the thousands digit of 1190?
1
What is the units digit of 733?
3
What is the tens digit of 57325?
2
What is the units digit of 635?
5
What is the units digit of 1959?
9
What is the units digit of 8577?
7
What is the tens digit of 10128?
2
What is the units digit of 1597?
7
What is the thousands digit of 101941?
1
What is the thousands digit of 4054?
4
What is the units digit of 25150?
0
What is the hundreds digit of 1620?
6
What is the thousands digit of 3153?
3
What is the tens digit of 1204?
0
What is the hundreds digit of 707?
7
What is the thousands digit of 8193?
8
What is the thousands digit of 18245?
8
What is the tens digit of 57725?
2
What is the units digit of 501?
1
What is the thousands digit of 7788?
7
What is the units digit of 540?
0
What is the hundreds digit of 135511?
5
What is the thousands digit of 2637?
2
What is the units digit of 15527?
7
What is the units digit of 2987?
7
What is the hundreds digit of 5690?
6
What is the tens digit of 378?
7
What is the hundreds digit of 170?
1
What is the units digit of 1159?
9
What is the units digit of 3084?
4
What is the units digit of 95?
5
What is the hundreds digit of 937?
9
What is the thousands digit of 48427?
8
What is the hundreds digit of 6994?
9
What is the tens digit of 35655?
5
What is the hundreds digit of 963?
9
What is the hundreds digit of 837?
8
What is the tens digit of 16852?
5
What is the units digit of 13782?
2
What is the tens digit of 2154?
5
What is the hundreds digit of 241?
2
What is the units digit of 1686?
6
What is the units digit of 64628?
8
What is the units digit of 2920?
0
What is the units digit of 6739?
9
What is the thousands digit of 7830?
7
What is the units digit of 288?
8
What is the hundreds digit of 31616?
6
What is the hundreds digit of 879?
8
What is the units digit of 7866?
6
What is the units digit of 797?
7
What is the hundreds digit of 1689?
6
What is the units digit of 385?
5
What is the units digit of 190127?
7
What is the units digit of 84260?
0
What is the hundreds digit of 3961?
9
What is the thousands digit of 1417?
1
What is the hundreds digit of 2387?
3
What is the tens digit of 70?
7
What is the tens digit of 636?
3
What is the hundreds digit of 14279?
2
What is the units digit of 127?
7
What is the tens digit of 1173?
7
What is the thousands digit of 14831?
4
What is the units digit of 947?
7
What is the hundreds digit of 482?
4
What is the hundreds digit of 864?
8
What is the tens digit of 42798?
9
What is the thousands digit of 1283?
1
What is the hundreds digit of 9849?
8
What is the units digit of 5324?
4
What is the hundreds digit of 4397?
3
What is the tens digit of 14865?
6
What is the tens digit of 245?
4
What is the thousands digit of 9113?
9
What is the hundreds digit of 2108?
1
What is the thousands digit of 109384?
9
What is the units digit of 9368?
8
What is the thousands digit of 7642?
7
What is the units digit of 2062?
2
What is the hundreds digit of 1428?
4
What is the units dig